se 11
-273860
What is 5ba4c (base 16) in base 2?
1011011101001001100
What is -62277 (base 14) in base 13?
-8383b
Convert 1202001200 (base 3) to base 16.
8604
What is 252408 (base 9) in base 3?
21202110022
280741 (base 11) to base 13
125437
What is 497c8 (base 14) in base 8?
537304
46161 (base 10) to base 15
da26
What is -704875 (base 10) in base 7?
-5664013
Convert -6cb572 (base 13) to base 12.
-a520b7
Convert -141654 (base 14) to base 5.
-134223412
Convert -113733b (base 12) to base 15.
-45594e
What is 25821 (base 9) in base 16?
441a
What is 454253 (base 8) in base 7?
1210212
What is -3de39 (base 16) in base 5?
-31102442
Convert 153b37 (base 14) to base 9.
1347501
43034123 (base 5) to base 15
722e3
2cd9b (base 14) to base 5
12044240
Convert -334110 (base 9) to base 6.
-4141100
What is 2664885 (base 10) in base 16?
28a9b5
What is -3003123200 (base 4) in base 12?
-3272a8
What is 30102301210 (base 4) in base 10?
3222628
Convert -506c52 (base 13) to base 12.
-763226
-1a5125 (base 12) to base 9
-777772
Convert 1384321 (base 9) to base 12.
30a33a
Convert -11353010 (base 6) to base 16.
-572be
What is -212100 (base 5) in base 6?
-53034
What is -24235 (base 11) in base 15?
-a50b
What is -12515503 (base 6) in base 10?
-414687
22202202111101 (base 3) to base 9
8682441
-2033110211 (base 4) to base 16
-8f525
What is -c954b (base 16) in base 15?
-11451b
What is -54532321 (base 8) in base 14?
-17ac17b
52325510 (base 6) to base 10
1520178
What is -12244344 (base 6) in base 10?
-394984
Convert -110211212 (base 4) to base 14.
-22a34
What is -65656 (base 10) in base 14?
-19cda
What is -8934146 (base 11) in base 3?
-1002111012001221
What is -10353565 (base 9) in base 5?
-2234324242
Convert 372024 (base 8) to base 16.
1f414
What is -11331304 (base 5) in base 14?
-2a4a8
-1112020122110 (base 3) to base 13
-2256ab
Convert -1120220020010 (base 3) to base 16.
-ce23b
Convert -667225 (base 8) to base 10.
-224917
-129fbd (base 16) to base 7
-13242300
What is 198847 (base 13) in base 12?
272741
What is -83bd3 (base 14) in base 8?
-1154715
-16137 (base 12) to base 5
-2000131
Convert -751255 (base 11) to base 10.
-1202195
-243b501 (base 12) to base 14
-d16d69
What is 146226 (base 8) in base 10?
52374
-8b8865 (base 13) to base 6
-154450034
What is 34c7b (base 15) in base 14?
45419
Convert 1526363 (base 7) to base 8.
627540
29120a (base 14) to base 8
5336232
Convert -26697c (base 16) to base 12.
-a14990
What is 598127 (base 10) in base 13?
17c32a
What is -18adeb (base 15) in base 11?
-750595
-45524040 (base 8) to base 2
-100101101010100000100000
What is 44043734 (base 8) in base 9?
18711550
Convert -11001110011110100 (base 2) to base 16.
-19cf4
2580651 (base 12) to base 11
4192a05
What is 20220012210 (base 3) in base 4?
201021012
Convert 532522303 (base 6) to base 7.
142446105
What is -101100010010000000 (base 2) in base 15?
-38b1b
What is 1001101101011010111111 (base 2) in base 4?
21231122333
Convert 134432013 (base 5) to base 9.
1280127
Convert 6072b (base 12) to base 10.
125459
Convert 1013320223 (base 4) to base 10.
294443
What is -137b062 (base 12) in base 9?
-7288252
What is 1102031033 (base 4) in base 3?
122002220002
Convert 146303155 (base 7) to base 3.
200110201120121
Convert -778559 (base 11) to base 16.
-12f049
Convert -763022 (base 9) to base 14.
-bbb00
What is 1102331333 (base 5) in base 12?
971084
-1010011010000010010 (base 2) to base 3
-122022210000
Convert -2b55905 (base 12) to base 11.
-4a86724
What is -1b135 (base 12) in base 9?
-60685
What is 46a69 (base 13) in base 10?
129203
-a30577 (base 14) to base 6
-313433501
Convert -130364136 (base 7) to base 12.
-2944289
What is 7595 (base 13) in base 6?
203402
What is -242004103 (base 5) in base 7?
-12365265
What is 8b3a2d (base 14) in base 15?
638136
Convert 18199 (base 16) to base 9.
160361
What is -3b20e (base 15) in base 10?
-189464
Convert 502324 (base 7) to base 13.
2c839
What is -5b931 (base 13) in base 10?
-168533
Convert -330401 (base 6) to base 7.
-142525
What is -34214b (base 15) in base 8?
-11372567
What is -24222612 (base 8) in base 6?
-305552254
Convert -93132 (base 10) to base 16.
-16bcc
Convert -1035772 (base 9) to base 4.
-2013212021
110000000111000001 (base 2) to base 13
6b903
-190058 (base 13) to base 12
-2637bb
562929 (base 11) to base 8
3327563
Convert -10001443332 (base 5) to base 11.
-5591467
What is -1152004 (base 7) in base 11?
-a0614
Convert -8b63d6 (base 16) to base 4.
-202312033112
Convert -100200022112020 (base 3) to base 6.
-302124223
1677060 (base 13) to base 16
6eee3f
Convert 100541401 (base 7) to base 4.
112112122210
Convert -749975 (base 11) to base 4.
-10210233133
Convert a17224 (base 11) to base 16.
18f1b0
a450b (base 12) to base 10
215003
Convert -a274a (base 13) to base 6.
-10124213
What is -82474 (base 10) in base 12?
-3b88a
1051245 (base 7) to base 3
20121111120
What is -11110415 (base 6) in base 15?
-6977e
What is -68747 (base 10) in base 14?
-1b0a7
-104889 (base 11) to base 10
-167440
57077231 (base 8) to base 11
6a78141
110121110020 (base 3) to base 16
3c97e
Convert -30461130 (base 7) to base 2.
-1001101111001101100100
25722034 (base 9) to base 11
7160a58
What is -10122055 (base 6) in base 2?
-1000110111111010011
What is 201112020 (base 3) in base 7?
56334
Convert 57a54 (base 12) to base 5.
12223110
-8ecee (base 16) to base 2
-10001110110011101110
What is 2d3dd (base 15) in base 4?
203221120
Convert 83bd9 (base 15) to base 14.
ac392
3646610 (base 9) to base 6
110233230
233311300 (base 4) to base 8
576560
What is -744057 (base 8) in base 5?
-30412410
-9b3944 (base 16) to base 14
-14cb3a4
What is 2033223313 (base 4) in base 9?
1086277
What is -1b8c3 (base 14) in base 4?
-101023003
Convert 1dac63 (base 15) to base 9.
2655513
876b31 (base 12) to base 3
11001010020001
What is -1522030 (base 6) in base 13?
-31419
Convert 78576 (base 9) to base 4.
30300021
Convert 25705266 (base 8) to base 15.
784d62
4a28c (base 16) to base 4
1022022030
Convert -33303113 (base 4) to base 15.
-142a2
Convert -3213332322 (base 5) to base 4.
-121312211330
Convert 4544020 (base 7) to base 3.
1001201212221
143220 (base 10) to base 16
22f74
What is 2550091 (base 10) in base 15?
3558b1
43838 (base 14) to base 6
3301002
Convert -353c9 (base 15) to base 5.
-20411424
Convert 38e331 (base 16) to base 13.
a06c2b
Convert -51123314 (base 6) to base 3.
-2202001021101
What is 1047456 (base 8) in base 16?
44f2e
-1201260 (base 7) to base 15
-2ee66
What is -14134162 (base 10) in base 6?
-1222535534
Convert -95647c (base 14) to base 11.
-293a037
-958554 (base 12) to base 10
-2357776
1348516 (base 11) to base 16
237844
177555 (base 11) to base 16
42c70
Convert 3512240 (base 6) to base 9.
304746
What is -2473716 (base 9) in base 10?
-1347774
22001220122 (base 3) to base 7
1231100
146056620 (base 7) to base 11
557a317
Convert 144133524 (base 6) to base 13.
80ca73
What is 822706 (base 9) in base 5?
111100140
Convert -171711 (base 12) to base 2.
-1100000110110111101
What is 5125442 (base 7) in base 4?
2111113103
110010001011 (base 2) to base 8
6213
What is -12514031 (base 6) in base 10?
-414307
Convert -93d83 (base 15) to base 12.
-1a7366
What is -4283550 (base 9) in base 12?
-92a523
-31323520 (base 7) to base 13
-717a84
16c711 (base 13) to base 11
35a462
632953 (base 10) to base 7
5244226
What is -111300123 (base 4) in base 16?
-15c1b
Convert 134435201 (base 6) to base 13.
7501cc
Convert -101010100110100 (base 2) to base 9.
-32825
Convert -265402634 (base 7) to base 15.
-1784b78
-b44649 (base 12) to base 7
-33015456
What is -1190313 (base 10) in base 5?
-301042223
Convert -544739 (base 14) to base 16.
-2b910f
Convert -1020212102012 (base 3) to base 11.
-415918
Convert -19044 (base 15) to base 14.
-21784
Convert -12544424 (base 7) to base 8.
-4316022
-166432121 (base 7) to base 9
-23547342
498983 (base 12) to base 6
41354243
-228aca (base 15) to base 10
-1649440
1000001001011000 (base 2) to base 9
50685
-5cf7b8 (base 16) to base 11
-3491614
101221120101 (base 3) to base 15
43c9a
-30342465 (base 7) to base 13
-6a83a2
Convert 1542427 (base 8) to base 11.
283378
What is -28662a1 (base 11) in base 9?
-10240488
-1150016 (base 7) to base 16
-23c2a
Convert -4326a (base 12) to base 4.
-111212302
-268013 (base 9) to base 2
-